m*p - 80. What are the prime factors of h?
2, 3, 5
Let f = 2460 - -2488. List the prime factors of f.
2, 1237
Suppose -39 = -2*l + l. Let g(m) = -6*m + 51. Let s be g(8). Suppose 3*v - 17 = -2, -3*v = s*n - l. List the prime factors of n.
2
Suppose 3*b = -0*b. Let h be 3/(-12)*-2*b. Suppose -5*w + 44 + 86 = h. What are the prime factors of w?
2, 13
Suppose -3*r = -p + 2114, -4*r + 8*r = 2*p - 4228. List the prime factors of p.
2, 7, 151
Suppose -35*j + 32972 = -138. What are the prime factors of j?
2, 11, 43
Let y(c) be the first derivative of 3*c**3 - 2*c**2 - 4*c - 1. Let p be y(4). Suppose 2 + p = 3*o. List the prime factors of o.
2, 3, 7
Let u = -19 + 13. What are the prime factors of (4 + (-80)/(-14))/(u/(-21))?
2, 17
Let r = -31 + 31. Suppose 3*g = -15, r = -5*a - 2*g + 3*g - 5. Let z(c) = 7*c**2 - 5*c - 5. What are the prime factors of z(a)?
3, 11
Let j = 44 - 45. List the prime factors of 96 - (2 + j + -1).
2, 3
Suppose 8*v = -5*k + 6*v + 1538, -4*k + 1212 = -3*v. List the prime factors of k.
2, 3, 17
Let x(y) = 80*y**2 + 2*y + 1. Let q be x(-1). Let j = -48 + q. List the prime factors of j.
31
Let d be 12/3*(-1 - 1). Let q be 4/1*4/d. What are the prime factors of 9 + q/(-6)*0?
3
Let k(d) = 242*d - 13. Let s be k(1). Let r = -5 + 13. What are the prime factors of r/28 - s/(-7)?
3, 11
Let p(s) = s**2 - 2*s + 1. Let z be p(1). Suppose -3*j - j = z. Suppose j = 3*y - 7 - 44. List the prime factors of y.
17
Let w be (-76)/8*16/(-2). Suppose -4*h = 2*n - w, 0 = -2*n - 7 + 3. Suppose 5 = 5*p + 4*a, -p + 0*a + h = -3*a. List the prime factors of p.
5
Let d = -410 - -57. Let v = -171 - d. What are the prime factors of v?
2, 7, 13
Let q = -4 - -2. Let z = q - -25. List the prime factors of z.
23
Let y(m) = 15*m - 36. Let j(t) = -t + 30. Let r be j(23). List the prime factors of y(r).
3, 23
Let h = -42 - 13. Let t = h + 2. Let w = t - -93. List the prime factors of w.
2, 5
Let r(k) = -1. Let b(a) = -a + 3. Let s(h) = -2*h**2 + h - 4. Let v be s(0). Let g(q) = v*r(q) - b(q). List the prime factors of g(11).
2, 3
Let f(g) = 9*g**3 - 3*g**2 - 20*g + 54. List the prime factors of f(3).
2, 3, 5, 7
Let o(y) = -64*y - 80. List the prime factors of o(-14).
2, 3, 17
Let x(r) = 266*r + 38. What are the prime factors of x(6)?
2, 19, 43
Let b(q) = -2*q + 41. Let p = -63 - -46. List the prime factors of b(p).
3, 5
Let q be 1*2 + (-192)/4. Let y be (-20)/70 + q/(-14). Suppose -o + 211 = 3*b, -y*b + 68 = -2*b - 2*o. List the prime factors of b.
2, 5, 7
List the prime factors of (281/(-2))/(8/(-16)).
281
Let f = 384 + -78. List the prime factors of f.
2, 3, 17
Let w(h) = 2*h**2 - 7*h + 6. Let f be w(3). List the prime factors of (f/(-3))/((-3)/762).
2, 127
Suppose 0 = k + 5*d - 4*d - 1003, -4*k = -3*d - 3984. What are the prime factors of k?
3, 37
Let f(s) = 17*s**2 + 11*s + 28. Let k(r) = -8*r**2 - 5*r - 14. Let w(x) = -6*f(x) - 13*k(x). List the prime factors of w(4).
2, 3, 7
Let v = -3980 - -6927. What are the prime factors of v?
7, 421
List the prime factors of 61761/63 - (1 + 3/9).
11, 89
Let m(o) = -o**3 + 11*o**2 - 9*o + 5. Let v be m(10). Let z be 393*-1*v/(-45). Suppose 14 + z = 5*u. What are the prime factors of u?
29
Let j(v) = -v**2 + 2*v + 8. Let b be j(4). Let u(f) = -f**3 + f + 118. List the prime factors of u(b).
2, 59
What are the prime factors of (-1 - 35)/(3/(-63))*4?
2, 3, 7
Let d(r) = 2*r**3 - 12*r**2 - 9*r - 2. Let b(m) = 8*m**2 + m - 1. Let l be b(1). What are the prime factors of d(l)?
2, 7, 13
Let b be (2/4)/(3/(-48)). Let n(m) = -m**2 - 8*m + 13. List the prime factors of n(b).
13
Suppose 5*m - 2160 = -2*k, 0 = -8*m + 4*m - 3*k + 1735. List the prime factors of m.
2, 5, 43
Suppose -p - l + 65 = 0, 142 = 2*p + 4*l + 8. Suppose f - 4*f = -s + 1, -5*f - 3*s = 11. What are the prime factors of 1*f*p/(-3)?
3, 7
Let f = -189 + 282. What are the prime factors of f?
3, 31
Let p = -106 + 52. Let y = 63 + p. What are the prime factors of y?
3
Suppose -h = -4*h. Let v(p) = 5*p**2 + 5*p - 3. Let l(q) = 4*q**2 + 4*q - 2. Let c(x) = 6*l(x) - 5*v(x). What are the prime factors of c(h)?
3
Let f(k) = 24*k + 36. What are the prime factors of f(16)?
2, 3, 5, 7
List the prime factors of (11505/9)/((-4)/(-12)).
5, 13, 59
Suppose -5*x + 2*z = -1239 - 2365, 3*x - 2151 = 5*z. What are the prime factors of x?
2, 19
Let n(h) = -27*h - 107. What are the prime factors of n(-19)?
2, 7, 29
Suppose -b + 0*s + 2*s + 3 = 0, -3*b - 2*s + 25 = 0. Let h(a) = -a**3 + 11*a**2 - 6*a. List the prime factors of h(b).
2, 7, 11
Suppose -39*h + 40*h - 1694 = 0. What are the prime factors of h?
2, 7, 11
Let j(s) be the first derivative of -s**4/12 - 11*s**3/6 - 3*s**2/2 - 4. Let b(v) be the second derivative of j(v). What are the prime factors of b(-8)?
5
Let d(l) be the first derivative of 41*l**2 + 1. What are the prime factors of d(1)?
2, 41
Suppose 0 = 5*d - 2*y - 16 - 7, 3 = -3*d - 3*y. Suppose -3*p - 2*p + d*m = -323, -p + m = -65. List the prime factors of p.
2
Let u(p) = -p - 1. Suppose -6*q + 12 = -3*q. Let l be (-7)/(14/q) - 9. What are the prime factors of u(l)?
2, 5
Let z(d) = d**3 - 6*d**2 + 14*d + 4. Let m be z(6). List the prime factors of (-66)/m + (-142)/(-8).
17
Let c = 3284 + -2075. What are the prime factors of c?
3, 13, 31
List the prime factors of (-1)/(-4*7/34384).
2, 307
Let t(v) = 81*v - 35. List the prime factors of t(4).
17
Let w be -2*(2 - 3) + 13. Let s = -24 + w. Let l = s - -16. List the prime factors of l.
7
Suppose 4*l - 486 - 426 = 0. What are the prime factors of l?
2, 3, 19
Suppose -5*o - 9 - 1 = -2*d, -4*o - 8 = 0. Let b be 3 + (1 - 0) - d. Suppose -b*j = 3*t - 10 - 62, 4*j - 52 = -2*t. What are the prime factors of t?
2, 5
Suppose -5205 = -5*z - 4*v, -4*z + 0*z = v - 4164. What are the prime factors of z?
3, 347
Let t = 21 + -51. Let x = -8 - t. Suppose 5*j + x = 142. What are the prime factors of j?
2, 3
Let k be (-35)/45 - 2/9. Let j = k - -7. Suppose y + y = j. List the prime factors of y.
3
Suppose 5005 = 2*z + 36*d - 41*d, -4*z = -4*d - 10016. What are the prime factors of z?
3, 5, 167
Suppose a - 525 = -5*b, 37 + 1013 = 2*a - 4*b. What are the prime factors of a?
3, 5, 7
Let d(b) = -2*b - 10. Let n be d(-5). Suppose -8 - 11 = -4*z + r, n = -2*r + 10. Suppose c = 4, z*x - c - 206 = x. List the prime factors of x.
2, 3, 7
Let h(f) = 36*f**3 + f - 2. Let c(w) = w**2 - 11*w + 11. Let l be c(10). List the prime factors of h(l).
5, 7
Suppose -4*i = -5*m + 160, -5 = i - 0. Suppose -4*w - 3*f - 3 = -8*f, -5*f = 5*w - 30. Suppose c + w*d + 10 = m, -2*c + 30 = 3*d. List the prime factors of c.
2, 3
Suppose 0 = 5*i - 2*h + h - 1760, -4*i - 3*h = -1389. List the prime factors of i.
3, 13
Let k = -4 + 13. Let h(l) = -l**2 - l**2 - 6*l**2 - 7 + k*l**2 - 6*l. List the prime factors of h(-3).
2, 5
Let p be ((-4)/14)/((-11)/77). Suppose 0 = -p*d - 4 + 82. List the prime factors of d.
3, 13
Let l be 16/12 + 31/(-3). Let q be (-12)/l*(13 + -1). Suppose 5*m + 157 = 3*u, 0 = -2*u + 3*m + q + 88. What are the prime factors of u?
7
Suppose 183 = -2*y - y. Let j be 1/2 - 189/(-2). Let b = y + j. List the prime factors of b.
2, 17
Let n(k) = k**2 - 35. List the prime factors of n(-9).
2, 23
Let g = 33 + 440. List the prime factors of g.
11, 43
Suppose a - 11 = r, -11 = -3*a - 2*r - 3. Suppose 3*n = 9 + a. Suppose -115 = -n*f - 4*k, 4*f + k - 96 = -3*k. List the prime factors of f.
19
What are the prime factors of 132*((-3850)/(-33))/7?
2, 5, 11
Let a be ((-25)/10)/(2/(-12)). Let w = a - -10. Let l = -4 + w. List the prime factors of l.
3, 7
Let h = 28 + -25. Let p be 48/18 - (-4)/h. Suppose -3*c + 43 = k, -2*c + p = -c. List the prime factors of k.
31
Suppose 3*n - 43 - 221 = 0. List the prime factors of n.
2, 11
Let s = 47 - -17. Suppose a + 15 = -3*j, -2*j - 8 - 2 = 5*a. Suppose p + 3*p - s = a. What are the prime factors of p?
2
Let w(y) = -58*y - 76. Let g be w(-7). Suppose 8*b - 9*b + g = 0. What are the prime factors of b?
2, 3, 5, 11
Let n be ((-28)/7)/((-8)/6). Suppose -5*d - 9 = -2*l + 3*l, -44 = n*l - 2*d. Let w = 6 - l. What are the prime factors of w?
2, 5
Let b(i) = 2*i**2 + 2*i - 1. Let p be -35 - 12/(-3) - -3. Let j = p - -22. List the prime factors of b(j).
59
Let q be 5/(-5) - (-2 + 1). Suppose -4*n - 1 + 5 = q. List the prime factors of 